 44368 and 708?
236
What is the highest common divisor of 162 and 22338?
18
Calculate the highest common factor of 436 and 96.
4
Calculate the greatest common divisor of 70034 and 194.
194
What is the highest common factor of 84602 and 224?
14
What is the greatest common divisor of 1455 and 90?
15
What is the highest common divisor of 384 and 75648?
384
Calculate the highest common divisor of 664 and 339968.
664
Calculate the greatest common factor of 396 and 48996.
36
Calculate the greatest common factor of 475695 and 31.
31
Calculate the greatest common divisor of 12 and 4344.
12
What is the greatest common factor of 198588 and 16796?
988
Calculate the highest common divisor of 510 and 6093820.
170
Calculate the highest common divisor of 113 and 1.
1
Calculate the greatest common divisor of 11616 and 14278.
242
Calculate the highest common divisor of 816 and 3792.
48
What is the highest common factor of 416610 and 2160?
270
What is the highest common factor of 131061 and 21?
21
What is the greatest common factor of 58578 and 312?
78
Calculate the greatest common factor of 9805 and 851.
37
Calculate the greatest common divisor of 699 and 5567302.
233
What is the greatest common factor of 220200 and 30300?
300
Calculate the highest common factor of 8143 and 14263.
17
Calculate the greatest common divisor of 6664 and 3604.
68
What is the greatest common divisor of 5728 and 10272?
32
Calculate the greatest common factor of 149198 and 574.
14
Calculate the greatest common factor of 149994 and 702.
234
Calculate the highest common divisor of 412090 and 63.
7
What is the highest common factor of 1040 and 406380?
260
Calculate the greatest common factor of 961 and 1277.
1
What is the highest common divisor of 1555 and 315976?
311
What is the greatest common factor of 60 and 257010?
30
Calculate the highest common divisor of 176 and 26827504.
176
Calculate the greatest common factor of 32079 and 3219.
111
Calculate the greatest common divisor of 3744 and 4236.
12
Calculate the highest common factor of 54423 and 9.
9
What is the highest common factor of 680 and 160?
40
Calculate the greatest common factor of 48 and 23376.
48
What is the highest common divisor of 53064 and 291048?
1608
What is the greatest common factor of 60619 and 26?
13
Calculate the highest common factor of 30 and 4630995.
15
Calculate the highest common factor of 1035 and 49450.
115
What is the highest common factor of 7780 and 3242315?
1945
What is the highest common factor of 702977 and 649?
11
Calculate the greatest common factor of 4459 and 17563.
91
What is the greatest common divisor of 49599 and 594?
297
Calculate the highest common factor of 11048 and 12.
4
Calculate the highest common divisor of 1616955 and 60.
15
What is the greatest common factor of 365 and 44457?
73
What is the highest common divisor of 87745 and 18515?
805
Calculate the highest common factor of 326590 and 440.
110
What is the highest common factor of 56 and 139200?
8
What is the highest common factor of 3954 and 6?
6
Calculate the greatest common divisor of 12081 and 3.
3
Calculate the greatest common divisor of 140 and 2580620.
140
What is the greatest common divisor of 351 and 157977?
27
Calculate the greatest common divisor of 63497 and 5983.
193
What is the highest common divisor of 297 and 730809?
27
What is the greatest common divisor of 716 and 908?
4
What is the greatest common factor of 6586 and 4806?
178
What is the greatest common factor of 143613 and 197?
197
What is the highest common factor of 11932 and 394384?
628
Calculate the highest common divisor of 300974 and 122.
122
What is the highest common divisor of 6307 and 18550?
371
Calculate the highest common factor of 1333 and 1023.
31
What is the highest common divisor of 2037 and 44058?
21
What is the greatest common factor of 155069 and 1?
1
What is the greatest common factor of 111 and 19599?
3
Calculate the highest common factor of 3993 and 3261.
3
Calculate the highest common divisor of 2780 and 384196.
556
Calculate the greatest common divisor of 1967132 and 4.
4
Calculate the highest common divisor of 88 and 40920.
88
Calculate the greatest common divisor of 31 and 1007810.
31
Calculate the highest common divisor of 656 and 44032.
16
Calculate the greatest common factor of 1139 and 1088.
17
Calculate the highest common divisor of 361019 and 57.
19
Calculate the greatest common factor of 6 and 19264.
2
What is the highest common divisor of 328 and 2878774?
82
What is the highest common divisor of 232532 and 4392?
244
Calculate the greatest common factor of 762210 and 126.
18
What is the highest common factor of 20644 and 28?
4
Calculate the highest common factor of 193634 and 28.
14
Calculate the greatest common factor of 31441 and 5497.
23
What is the highest common divisor of 27874 and 23947?
77
Calculate the highest common factor of 182275 and 100.
25
What is the greatest common factor of 54 and 22912?
2
Calculate the highest common factor of 148 and 950086.
74
Calculate the greatest common divisor of 123996 and 84.
12
What is the greatest common divisor of 140793 and 852?
213
Calculate the highest common divisor of 96321 and 291.
291
Calculate the greatest common divisor of 124 and 111352.
124
What is the greatest common factor of 31 and 2389883?
31
Calculate the highest common divisor of 673628 and 4.
4
Calculate the greatest common divisor of 7565 and 765.
85
Calculate the highest common factor of 2388 and 948.
12
Calculate the highest common divisor of 88 and 11716.
4
What is the highest common divisor of 7337 and 123453?
319
What is the greatest common divisor of 11052 and 1620?
36
Calculate the highest common divisor of 29963 and 415.
83
What is the greatest common divisor of 262560 and 40?
40
Calculate the greatest common divisor of 40205 and 43.
43
Calculate the greatest common divisor of 7492 and 772.
4
What is the highest common divisor of 35608 and 20?
4
Calculate the greatest common divisor of 2590 and 1638.
14
What is the greatest common factor of 12888 and 576?
72
What is the greatest common factor of 184 and 356523?
23
What is the greatest common factor of 484 and 608146?
242
Calculate the greatest common divisor of 1496 and 24497.
187
What is the highest common factor of 104 and 224640?
104
What is the highest common divisor of 2451280 and 80?
80
Calculate the greatest common divisor of 68 and 17901.
17
Calculate the greatest common divisor of 3894 and 1888.
118
Calculate the greatest common divisor of 201137 and 2955.
197
Calculate the greatest common divisor of 61803 and 252.
63
Calculate the highest common divisor of 148485 and 266.
19
Calculate the greatest common divisor of 28539 and 357.
21
Calculate the greatest common divisor of 1169 and 1057.
7
Calculate the highest common factor of 39 and 24557.
13
What is the greatest common divisor of 6968 and 333392?
536
What is the highest common factor of 6929 and 39811?
41
What is the greatest common factor of 1550 and 297910?
310
What is the highest common divisor of 130050 and 306?
306
What is the highest common factor of 481 and 24272?
37
Calculate the greatest common factor of 6 and 200067.
3
Calculate the highest common factor of 11413662 and 39.
39
What is the highest common divisor of 88 and 2744?
8
What is the highest common factor of 4004 and 201971?
77
Calculate the highest common divisor of 1482 and 77577.
57
Calculate the highest common factor of 118225 and 50.
25
Calculate the greatest common factor of 101313 and 27.
9
What is the highest common divisor of 25358 and 124?
62
Calculate the greatest common divisor of 405 and 85.
5
What is the highest common divisor of 352422 and 14?
14
What is the greatest common divisor of 38089 and 205?
41
Calculate the greatest common factor of 44506 and 44.
22
What is the greatest common factor of 70984 and 4712?
152
What is the greatest common factor of 986 and 2415207?
493
What is the highest common divisor of 128554 and 969?
323
What is the greatest common divisor of 945 and 126765?
135
What is the highest common divisor of 32 and 42986?
2
Calculate the greatest common divisor of 5776 and 518035.
361
What is the greatest common factor of 30339 and 315?
9
What is the greatest common divisor of 208 and 17966?